
What is the tens digit of 719?
1
What is the hundreds digit of 1425?
4
What is the tens digit of 15525?
2
What is the tens digit of 1246?
4
What is the units digit of 550?
0
What is the thousands digit of 8568?
8
What is the thousands digit of 2004?
2
What is the thousands digit of 73295?
3
What is the thousands digit of 27724?
7
What is the tens digit of 2838?
3
What is the hundreds digit of 18725?
7
What is the hundreds digit of 3265?
2
What is the tens digit of 857?
5
What is the units digit of 1212?
2
What is the hundreds digit of 2598?
5
What is the units digit of 709?
9
What is the units digit of 74?
4
What is the tens digit of 577?
7
What is the thousands digit of 10535?
0
What is the hundreds digit of 37864?
8
What is the tens digit of 73721?
2
What is the hundreds digit of 21026?
0
What is the hundreds digit of 21822?
8
What is the ten thousands digit of 26333?
2
What is the tens digit of 17753?
5
What is the hundreds digit of 6830?
8
What is the thousands digit of 21405?
1
What is the tens digit of 1946?
4
What is the thousands digit of 39362?
9
What is the ten thousands digit of 27951?
2
What is the units digit of 510?
0
What is the thousands digit of 4429?
4
What is the thousands digit of 28768?
8
What is the units digit of 1262?
2
What is the units digit of 1007?
7
What is the tens digit of 13?
1
What is the units digit of 37863?
3
What is the units digit of 2305?
5
What is the ten thousands digit of 10903?
1
What is the thousands digit of 35503?
5
What is the tens digit of 620?
2
What is the units digit of 1620?
0
What is the thousands digit of 62984?
2
What is the units digit of 5835?
5
What is the hundreds digit of 17968?
9
What is the units digit of 1369?
9
What is the thousands digit of 5430?
5
What is the units digit of 85278?
8
What is the ten thousands digit of 16133?
1
What is the hundreds digit of 149?
1
What is the hundreds digit of 3748?
7
What is the tens digit of 556?
5
What is the units digit of 835?
5
What is the hundreds digit of 52587?
5
What is the tens digit of 77946?
4
What is the thousands digit of 56681?
6
What is the units digit of 2772?
2
What is the thousands digit of 18668?
8
What is the units digit of 23154?
4
What is the hundreds digit of 768?
7
What is the thousands digit of 3113?
3
What is the units digit of 2386?
6
What is the ten thousands digit of 14806?
1
What is the thousands digit of 2660?
2
What is the units digit of 1295?
5
What is the tens digit of 6447?
4
What is the units digit of 3069?
9
What is the hundreds digit of 48671?
6
What is the hundreds digit of 152?
1
What is the tens digit of 628?
2
What is the tens digit of 248?
4
What is the hundreds digit of 3349?
3
What is the units digit of 2719?
9
What is the units digit of 5?
5
What is the tens digit of 32267?
6
What is the units digit of 840?
0
What is the units digit of 158987?
7
What is the tens digit of 2236?
3
What is the hundreds digit of 3042?
0
What is the tens digit of 266?
6
What is the units digit of 2830?
0
What is the ten thousands digit of 13089?
1
What is the tens digit of 1276?
7
What is the tens digit of 5594?
9
What is the units digit of 1421?
1
What is the hundreds digit of 2347?
3
What is the hundreds digit of 22498?
4
What is the hundreds digit of 1384?
3
What is the hundreds digit of 201?
2
What is the hundreds digit of 9234?
2
What is the thousands digit of 8785?
8
What is the hundreds digit of 2960?
9
What is the hundreds digit of 237?
2
What is the units digit of 24856?
6
What is the thousands digit of 6856?
6
What is the units digit of 8587?
7
What is the hundreds digit of 1059?
0
What is the tens digit of 36677?
7
What is the hundreds digit of 13491?
4
What is the units digit of 5467?
7
What is the hundreds digit of 1683?
6
What is the hundreds digit of 13080?
0
What is the thousands digit of 54406?
4
What is the hundreds digit of 417?
4
What is the tens digit of 2961?
6
What is the hundreds digit of 792?
7
What is the units digit of 1578?
8
What is the tens digit of 2573?
7
What is the units digit of 3044?
4
What is the ten thousands digit of 15996?
1
What is the thousands digit of 137267?
7
What is the units digit of 1155?
5
What is the units digit of 49726?
6
What is the hundreds digit of 39969?
9
What is the hundreds digit of 5156?
1
What is the hundreds digit of 1057?
0
What is the tens digit of 47?
4
What is the hundreds digit of 4547?
5
What is the units digit of 26255?
5
What is the tens digit of 7323?
2
What is the tens digit of 4704?
0
What is the thousands digit of 4419?
4
What is the hundreds digit of 744?
7
What is the units digit of 51096?
6
What is the hundreds digit of 35592?
5
What is the tens digit of 1997?
9
What is the hundreds digit of 4903?
9
What is the hundreds digit of 13795?
7
What is the thousands digit of 61606?
1
What is the tens digit of 717?
1
What is the hundreds digit of 7719?
7
What is the units digit of 372?
2
What is the tens digit of 4455?
5
What is the thousands digit of 71303?
1
What is the hundred thousands digit of 184330?
1
What is the ten thousands digit of 30980?
3
What is the hundreds digit of 773?
7
What is the units digit of 307?
7
What is the hundreds digit of 1428?
4
What is the tens digit of 6417?
1
What is the hundreds digit of 15222?
2
What is the thousands digit of 8900?
8
What is the hundreds digit of 28418?
4
What is the thousands digit of 1268?
1
What is the ten thousands digit of 40170?
4
What is the units digit of 1417?
7
What is the hundreds digit of 3645?
6
What is the thousands digit of 6322?
6
What is the thousands digit of 7286?
7
What is the hundreds digit of 375?
3
What is the tens digit of 2413?
1
What is the hundreds digit of 711?
7
What is the units digit of 63933?
3
What is the thousands digit of 11084?
1
What is the hundreds digit of 1251?
2
What is the tens digit of 114462?
6
What is the hundreds digit of 1678?
6
What is the tens digit of 5436?
3
What is the hundreds digit of 735?
7
What is the units digit of 1167?
7
What is the hundreds digit of 1063?
0
What is the thousands digit of 4381?
4
What is the hundreds digit of 2706?
7
What is the tens digit of 1536?
3
What is the units digit of 887?
7
What is the hundreds digit of 26373?
3
What is the tens digit of 3082?
8
What is the thousands digit of 76866?
6
What is the hundreds digit of 544?
5
What is the thousands digit of 1437?
1
What is the hundreds digit of 3371?
3
What is the tens digit of 15?
1
What is the tens digit of 4440?
4
What is the units digit of 9074?
4
What is the tens digit of 943?
4
What is the tens digit of 1445?
4
What is the tens digit of 7103?
0
What is the units digit of 38118?
8
What is the ten thousands digit of 26983?
2
What is the hundreds digit of 649?
6
What is the hundreds digit of 79018?
0
What is the units digit of 175?
5
What is the ten thousands digit of 35583?
3
What is the ten thousands digit of 23544?
2
What is the thousands digit of 18232?
8
What is the tens digit of 1601?
0
What is the thousands digit of 86869?
6
What is the tens digit of 6887?
8
What is the tens digit of 3203?
0
What is the units digit of 12574?
4
What is the units digit of 5408?
8
What is the thousands digit of 59055?
9
What is the thousands digit of 9982?
9
What is the ten thousands digit of 38028?
3
What is the hundreds digit of 320?
3
What is the thousands digit of 1648?
1
What is the hundreds digit of 2041?
0
What is the tens digit of 1795?
9
What is the tens digit of 100?
0
What is the ten thousands digit of 66153?
6
What is the units digit of 15851?
1
What is the tens digit of 3354?
5
What is the hundreds digit of 7225?
2
What is the tens digit of 14951?
5
What is the tens digit of 1118?
1
What is the hundreds digit of 852?
8
What is the hundreds digit of 713?
7
What is the thousands digit of 2877?
2
What is the units digit of 1680?
0
What is the tens digit of 1663?
6
What is the thousands digit of 31267?
1
What is the hundreds digit of 4321?
3
What is the hundreds digit of 11801?
8
What is the ten thousands digit of 32674?
3
What is the tens digit of 369?
6
What is the units digit of 4144?
4
What is the units digit of 7102?
2
What is the ten thousands digit of 12713?
1
What is the units digit of 25756?
6
What is the tens digit of 8321?
2
What is the hundreds digit of 145